he remainder when 35757922 is divided by 180.
22
What is the remainder when 16602918 is divided by 207?
69
What is the remainder when 21355 is divided by 350?
5
Calculate the remainder when 5176328 is divided by 1257.
2
What is the remainder when 9304045 is divided by 90?
25
What is the remainder when 37774388 is divided by 9413?
19
What is the remainder when 610382 is divided by 4962?
56
Calculate the remainder when 147952631 is divided by 592.
583
Calculate the remainder when 678702 is divided by 22616.
222
Calculate the remainder when 602641 is divided by 648.
1
What is the remainder when 10474229 is divided by 10474152?
77
Calculate the remainder when 253586 is divided by 6184.
42
What is the remainder when 117862966 is divided by 224?
214
What is the remainder when 809372 is divided by 134846?
296
Calculate the remainder when 41957148 is divided by 23.
19
Calculate the remainder when 256643 is divided by 2815.
478
What is the remainder when 6412386 is divided by 136?
122
What is the remainder when 590474 is divided by 11355?
14
What is the remainder when 6799628 is divided by 5782?
5778
What is the remainder when 300910 is divided by 1277?
815
What is the remainder when 42029 is divided by 366?
305
Calculate the remainder when 8118862 is divided by 4059395.
72
What is the remainder when 37025 is divided by 18319?
387
What is the remainder when 800295 is divided by 1170?
15
Calculate the remainder when 8155236 is divided by 39397.
57
What is the remainder when 6330 is divided by 5167?
1163
Calculate the remainder when 1816183 is divided by 3210.
2533
Calculate the remainder when 2245213 is divided by 2163.
19
Calculate the remainder when 809328 is divided by 6245.
3723
Calculate the remainder when 2897433 is divided by 208.
201
What is the remainder when 36376 is divided by 2744?
704
Calculate the remainder when 440647 is divided by 113.
60
Calculate the remainder when 2502633 is divided by 1395.
3
Calculate the remainder when 145493 is divided by 159.
8
Calculate the remainder when 412068530 is divided by 41.
39
What is the remainder when 781946 is divided by 8231?
1
What is the remainder when 1531035 is divided by 26?
25
What is the remainder when 21670163 is divided by 618?
611
Calculate the remainder when 4704668 is divided by 59.
8
What is the remainder when 124753 is divided by 29?
24
What is the remainder when 3166473 is divided by 200?
73
Calculate the remainder when 222205 is divided by 106968.
8269
What is the remainder when 2341365 is divided by 95?
90
Calculate the remainder when 1284851 is divided by 1797.
1793
Calculate the remainder when 282643702 is divided by 100.
2
Calculate the remainder when 35779 is divided by 35741.
38
Calculate the remainder when 54750 is divided by 54425.
325
Calculate the remainder when 220484 is divided by 2911.
2159
What is the remainder when 1139825 is divided by 103?
27
What is the remainder when 618078875 is divided by 40?
35
What is the remainder when 151794043 is divided by 192?
187
Calculate the remainder when 6782353 is divided by 38.
37
Calculate the remainder when 287158 is divided by 35878.
134
What is the remainder when 3472638 is divided by 320?
318
Calculate the remainder when 5255904 is divided by 13.
4
Calculate the remainder when 2740960 is divided by 147.
145
What is the remainder when 61192 is divided by 8739?
19
Calculate the remainder when 68007 is divided by 5551.
1395
Calculate the remainder when 6872565 is divided by 6872490.
75
Calculate the remainder when 1886232 is divided by 298.
190
Calculate the remainder when 50511364 is divided by 3.
1
Calculate the remainder when 363332 is divided by 5675.
132
Calculate the remainder when 3491040 is divided by 93.
6
Calculate the remainder when 52247897 is divided by 37806.
5
Calculate the remainder when 18555637 is divided by 51.
1
Calculate the remainder when 9990862 is divided by 30646.
266
What is the remainder when 10457385 is divided by 3902?
25
What is the remainder when 2110296 is divided by 24?
0
What is the remainder when 38382 is divided by 510?
132
What is the remainder when 1167340 is divided by 92?
44
What is the remainder when 795430 is divided by 258?
16
What is the remainder when 1753152 is divided by 11384?
16
Calculate the remainder when 964345 is divided by 263.
187
Calculate the remainder when 27872519 is divided by 2852.
2775
What is the remainder when 32443224 is divided by 1073?
1069
Calculate the remainder when 102384 is divided by 922.
42
What is the remainder when 9312213 is divided by 33?
9
What is the remainder when 35414649 is divided by 588?
585
What is the remainder when 1514102 is divided by 38823?
5
What is the remainder when 58560342 is divided by 19520109?
15
Calculate the remainder when 18262876 is divided by 2194.
20
Calculate the remainder when 627489 is divided by 104.
57
What is the remainder when 8295131 is divided by 148?
27
Calculate the remainder when 1021564 is divided by 694.
690
Calculate the remainder when 721260 is divided by 240418.
6
Calculate the remainder when 442234 is divided by 299.
13
What is the remainder when 4117483 is divided by 29202?
1
What is the remainder when 5400610 is divided by 1314?
70
Calculate the remainder when 3996096 is divided by 134.
82
Calculate the remainder when 404160 is divided by 155.
75
Calculate the remainder when 1557740 is divided by 778865.
10
Calculate the remainder when 4771426 is divided by 14547.
10
What is the remainder when 1157488 is divided by 139?
35
What is the remainder when 140014102 is divided by 12?
10
Calculate the remainder when 182880 is divided by 714.
96
Calculate the remainder when 226463 is divided by 11309.
283
What is the remainder when 224925 is divided by 6812?
129
What is the remainder when 104473 is divided by 7462?
5
What is the remainder when 194402 is divided by 1432?
1082
What is the remainder when 20550 is divided by 246?
132
Calculate the remainder when 1177993 is divided by 588897.
199
What is the remainder when 48264228 is divided by 70?
68
What is the remainder when 27824108 is divided by 32889?
14
What is the remainder when 5306860 is divided by 442227?
136
What is the remainder when 380169 is divided by 76009?
124
What is the remainder when 39144506 is divided by 329?
86
What is the remainder when 528141 is divided by 132005?
121
What is the remainder when 195364 is divided by 20720?
8884
Calculate the remainder when 249915 is divided by 41464.
1131
What is the remainder when 1700852 is divided by 850420?
12
Calculate the remainder when 152748 is divided by 3893.
921
Calculate the remainder when 76602 is divided by 38276.
50
Calculate the remainder when 23997721 is divided by 197.
166
Calculate the remainder when 1699368890 is divided by 1655.
1650
Calculate the remainder when 1198202 is divided by 399310.
272
What is the remainder when 648813 is divided by 2984?
1285
What is the remainder when 39536 is divided by 6403?
1118
What is the remainder when 77394 is divided by 25677?
363
Calculate the remainder when 1138483995 is divided by 4486.
4485
Calculate the remainder when 13149917 is divided by 944.
941
What is the remainder when 2112636 is divided by 1056239?
158
What is the remainder when 62991 is divided by 59?
38
Calculate the remainder when 1838292 is divided by 173.
167
What is the remainder when 2582876 is divided by 31497?
122
Calculate the remainder when 378001 is divided by 2000.
1
What is the remainder when 937162 is divided by 4484?
6
Calculate the remainder when 48541 is divided by 6764.
1193
What is the remainder when 4803851 is divided by 643?
641
Calculate the remainder when 4325000 is divided by 540580.
360
What is the remainder when 39997166 is divided by 15?
11
What is the remainder when 290619 is divided by 64?
59
Calculate the remainder when 419384 is divided by 14449.
363
Calculate the remainder when 51174 is divided by 4295.
3929
Calculate the remainder when 5450198 is divided by 681273.
14
Calculate the remainder when 453219 is divided by 35.
4
What is the remainder when 2464774 is divided by 2464703?
71
What is the remainder when 417006 is divided by 41700?
6
Calculate the remainder when 18608408 is divided by 728.
0
What is the remainder when 94588738 is divided by 31529577?